.
70
Let g(s) be the third derivative of -s**6/120 + 3*s**5/20 + s**4/2 - 3*s**3/2 - 14*s**2. What is the remainder when g(9) is divided by 20?
19
Let l = -7 - -14. Suppose -l*v = -2*v - 475. Suppose v = 2*t + 3*t. Calculate the remainder when t is divided by 7.
5
Let w(p) = -p**2 - 8*p - 7. Let i(v) = -2*v**2 - 17*v - 8. What is the remainder when i(-2) is divided by w(-6)?
3
Suppose -2*n = -17*d + 15*d - 90, 0 = n + 2*d - 39. Calculate the remainder when n is divided by 0 + -1 - -26 - 1.
19
Suppose 12*x = 8*x + 48. Suppose -4*o = 19 - 31. Calculate the remainder when x is divided by o.
0
What is the remainder when (228/(-21))/((-8)/28) is divided by 15?
8
Let l(m) = 2*m - 13. Suppose 3*x - 7*x = -52. Calculate the remainder when 102 is divided by l(x).
11
Suppose -4*b + 0*b = -2*h + 74, -b = 2*h - 84. Calculate the remainder when h is divided by (3 + -4)/(1/(-11)).
8
Suppose 0 = -5*c + 67 + 23. What is the remainder when 24 is divided by (-16 - -15)/((-2)/c)?
6
Calculate the remainder when 109 is divided by (-43 + 35)*-1*1.
5
What is the remainder when 2 + ((-42)/8)/((-4)/16) is divided by 9?
5
Suppose -12*g + 180 = -192. What is the remainder when 58 is divided by g?
27
Let r = -43 + 70. Suppose -6*q + r = -3*q. What is the remainder when 44 is divided by q?
8
Suppose 201*g = 189*g + 84. What is the remainder when 461 is divided by g?
6
Suppose -k = -5*w - 16, k - 2*w = -6*w - 20. What is the remainder when k + 0 + 23 - -4 is divided by 13?
10
Let o be -1 - (0 + (-4 - (-1 + -70))). Let d = -43 - o. What is the remainder when d is divided by 9?
7
Calculate the remainder when ((8 - -1)/3)/((-12)/(-44)) is divided by 6.
5
Let h(c) = 2*c**3 - c**2 + 3*c + 7. Calculate the remainder when h(3) is divided by (0 - 2/2)*-16.
13
What is the remainder when (420/(-154))/(8/(-88)) is divided by 12/(6/8*2)?
6
Let k = -22 - -24. Let i = 7 + 0. Calculate the remainder when i is divided by k.
1
Let s(l) = 425*l - 3. What is the remainder when s(1) is divided by 25?
22
Let i be (-15)/(-2)*4/(-40)*628. Let k = -318 - i. What is the remainder when k is divided by 31?
29
Let d(p) = -4*p + 3. Let v(z) = z - 1. Let j be v(-6). What is the remainder when d(j) is divided by (-522)/2871 + (-15)/22*-12?
7
Suppose -23*t = -18*t - 515. Calculate the remainder when t is divided by 15.
13
Let p = -1449 + 1464. Calculate the remainder when 1287 is divided by p.
12
Suppose 8*v - 3*v - 330 = 0. Suppose 0 = 2*j - 5*i - 100, 5*i = j - v + 11. What is the remainder when j is divided by 16?
13
Let k be ((-1)/(-3))/((-11)/(-1914)). Let l = k + -26. What is the remainder when 158 is divided by l?
30
Suppose 20*g - 465 = -5. Let m(v) = -v**2 + 8*v - 8. Let y be m(6). Suppose y*t = 287 - 107. Calculate the remainder when t is divided by g.
22
Suppose 0 = 4*w - w - 4*z - 17, 4*w - z = 27. Calculate the remainder when 10 is divided by w.
3
Let k(n) = -n**3 - 26*n**2 + 16. Let r(c) = -33*c - 4. Calculate the remainder when r(-3) is divided by k(-26).
15
Let p be (-10)/(-55) + 180/(-22). What is the remainder when -2*(3/(-2) + 1) is divided by (-6)/p + 4/16?
0
Let d(c) = -2*c - 5. Let x be d(-5). Suppose 4*h = s - 8, 2*h - x*h - 7 = -s. Calculate the remainder when 16 is divided by s.
0
Let l(y) = 43*y**2 + y. Let v be l(-3). Suppose 9*d - v = 3*d. What is the remainder when d is divided by 22?
20
Let b = -890 + 963. Calculate the remainder when b is divided by 7.
3
Let u(s) = s**2 - s - 13. Let v be u(0). Let j = v + 16. Suppose 0 = -j*m + 19 + 47. Calculate the remainder when 65 is divided by m.
21
Suppose -212 = -12*v + 8*v. Calculate the remainder when v is divided by 51.
2
Suppose -9*h - 267 + 2274 = 0. Suppose 0 = -2*v + 55 + h. What is the remainder when v is divided by 38?
25
Suppose -3*o = -5*o + 4. Suppose -f = o*f - 9. Let l = 22 - f. What is the remainder when l is divided by 5?
4
Let p = 65 - 36. Let r = -5 + 20. What is the remainder when p is divided by r?
14
Suppose -13*f + 2920 = 7*f. Calculate the remainder when f is divided by 15.
11
Suppose -8*q - 216 + 1272 = 0. What is the remainder when q is divided by 46?
40
Let c(b) = b**2 + 4*b - 52. Calculate the remainder when 38 is divided by c(-10).
6
Suppose -2*b = -11 + 7. Suppose -b*g = 2*s + 2*g - 56, 4*g + 4 = 0. What is the remainder when 85 is divided by s?
25
Let t(q) = -3*q. Suppose 0 = -3*c - c - 4. Let m be t(c). Suppose u - 132 = -m*u. What is the remainder when u is divided by 9?
6
Suppose -5*p - 10 = 0, 2*x = 33*p - 31*p + 22. Let b = -158 - -224. Suppose -5*a = b - 186. Calculate the remainder when a is divided by x.
6
Let f(g) = -g**2 - 8*g + 12. Let j be 35/5*(-3 + 2). What is the remainder when f(j) is divided by -3 + 3 + -2 - -13?
8
Let q be -392*(15/6)/(-5). Let w = q + -113. Suppose 3*s + 3*x = 75, 3*s = 4*x + 57 - 10. Calculate the remainder when w is divided by s.
20
Suppose -27 + 267 = 30*i. Let b = 13 - 8. Calculate the remainder when i is divided by b.
3
Suppose -29*m + 13*m = -400. Calculate the remainder when m is divided by 14.
11
Suppose 359 = a - 2*q + 7*q, -1795 = -5*a - 5*q. What is the remainder when a is divided by 116?
11
Let u(v) = -v**2 - 76*v - 774. What is the remainder when u(-26) is divided by 134?
124
Let w = -1515 + 1544. Calculate the remainder when 183 is divided by w.
9
Let y(k) = -k**2 - 7*k - 9. Let c be y(-6). Suppose -2 = -r + 1. What is the remainder when 15 is divided by c*3/(-9) + r?
3
Let f be (0 + 2)*17/(-2). Let o = 16 + f. What is the remainder when 81 is divided by o/(-2) - 123/(-6)?
18
Let g(y) = y - 13. Let q be g(16). Suppose -q*s + 61 = -140. What is the remainder when s is divided by 18?
13
Suppose 30*t - 1789 = 2171. Calculate the remainder when t is divided by 53.
26
Suppose 2*j + j = 12. Suppose -h - l = 0, 0 = -5*h - 4*l + 3*l. Suppose 4*p = -3*i - 4, h*i = 4*p - 4*i - 24. Calculate the remainder when j is divided by p.
0
Suppose n - 8 = -u - 2*n, -5*u + 3*n = -22. What is the remainder when 21 is divided by u*-1*(44/5)/(-4)?
10
Let r be 0/(-1*(-6)/3). Let b(g) = -g**3 - g**2 - 5. Let k be b(r). Let t = k + 25. What is the remainder when 79 is divided by t?
19
Let p = 240 + -211. Calculate the remainder when 84 is divided by p.
26
Suppose 11*p + 95 = 755. What is the remainder when p is divided by 44?
16
Suppose 5*v - 30 = -3*u, 18 = v - 0*u + 3*u. Calculate the remainder when 0 + 0 - 21/(-3) is divided by v.
1
Let q(o) = -o**3 - 13*o**2 - 12*o + 2. Let a be q(-12). What is the remainder when 37 is divided by (a/2)/((27/(-30))/(-9))?
7
Let n(i) = i**3 + 10*i**2 - 2*i + 8. Let z(t) = -t**3 - 11*t**2 + 2*t - 8. Let r(a) = -5*n(a) - 4*z(a). Calculate the remainder when 107 is divided by r(-7).
26
Let u = 9 - 9. Suppose u*g = 2*g + 4*j - 32, 67 = 4*g + 5*j. What is the remainder when (-976)/(-14) + 6/21 is divided by g?
16
Let g = -339 - -351. What is the remainder when 309 is divided by g?
9
Let n be -1 - (2 + -25 - (-6)/(-3)). Suppose 2 = 2*y + 5*f, -5*y + 2*y + n = -3*f. Let o = 21 + -4. Calculate the remainder when o is divided by y.
5
Suppose 43*w = 46*w - 183. Let p = -2 - 9. What is the remainder when w is divided by (2 - (p + -2)) + 1?
13
Suppose 3*g - 7 + 92 = -5*x, 3*g + 65 = -x. Let r = 2 - g. Calculate the remainder when 84 is divided by r.
18
Let y = -16 - -18. What is the remainder when 14 is divided by (1 - y)/(4/(-24))?
2
Let z = 1931 - 1926. Calculate the remainder when 114 is divided by z.
4
Let q = 26 + -10. Suppose 3*k + k + q = 0. Calculate the remainder when 13 is divided by 2/8 + (-15)/k.
1
Suppose 25*b - 6594 = -17*b. Calculate the remainder when b is divided by 14.
3
Suppose -8*s + 4*s + 204 = 0. What is the remainder when s is divided by 21?
9
Let h be 2*(3 + -18*(-27)/12). Let n = h - 77. What is the remainder when 17 is divided by n?
7
Suppose -5*w = s - 38, 0 = 5*w - 2*s - 39 - 5. Let t = 12 - w. Suppose t*o + o = 20. Calculate the remainder when 5 is divided by o.
1
Suppose -3*a + 5*y + 99 = 2*y, 0 = 4*a + 3*y - 153. Suppose 0 = 3*h - 33 - a. Let i = -4 + h. Calculate the remainder when 75 is divided by i.
18
Suppose 85 = 5*l - 5. Suppose -4*w = -6*w - j - 1, 3*w = j + 11. Suppose v = -w*v + 105. Calculate the remainder when v is divided by l.
17
Let s = 845 - 289. What is the remainder when s is divided by 35?
31
Let i(b) = 